t b(l) = p(l) - 5*u(l). Let r = 79 + -76. Let a(z) = 6*z - 2. Let o(x) = r*b(x) + 4*a(x). Give o(-3).
-11
Suppose 0 = -3*y - 0*c - 2*c + 7, -y + 5*c - 9 = 0. Let v(l) be the first derivative of -l**2 - l - 431. What is v(y)?
-3
Let v be (-4 - -2)*-1 - 0. Let g = -4 + v. Let q(z) be the third derivative of z**6/120 + z**5/20 - z**4/12 - 8*z**2 + 35*z. Give q(g).
8
Let i(t) = t**3 - 7*t**2 + 2*t - 2. Let p(c) = -2*c**2 - 9*c - 4. Let h be p(-4). Suppose h = 5*o - 10*o + 35. Determine i(o).
12
Let b = 143 - 93. Suppose -7*h + b = -146. Suppose -2*n + 6 = 4*l - h, -7 = -2*l + n. Let j(c) = -c**3 + 5*c**2 + 6*c + 5. What is j(l)?
5
Let z(a) = a**3 + 10*a**2 + 9*a + 3. Suppose -37 = 5*g + 2*d, -2*g - 35 = g - 2*d. Calculate z(g).
3
Let c(u) be the first derivative of -6*u + 6 + 1/12*u**4 + 0*u**2 - 1/2*u**3. Let p(h) be the first derivative of c(h). Determine p(3).
0
Suppose 0 = -245*m + 252*m + 14. Suppose -7 - 2 = -3*g. Let c(y) = 0*y + 3*y**g - 2*y - 2*y**3 + 1. Calculate c(m).
-3
Let x(a) = -25*a**2 + 23*a. Let j(r) = 9*r**2 - 8*r. Let n(q) = 11*j(q) + 4*x(q). Give n(5).
-5
Let t(y) be the third derivative of y**6/30 + y**5/20 - y**4/24 - y**3/3 - 7*y**2 + 2*y. What is t(-2)?
-20
Let g(z) be the first derivative of 5*z**2/2 - 8*z - 422. Calculate g(4).
12
Let a(g) = -14*g + 1. Let i(d) = 20*d - 2. Let f(q) = -7*a(q) - 5*i(q). Calculate f(1).
1
Suppose -4*l + 0*l = 5*q - 18, q + 6 = 4*l. Let t(x) = 2*x - x**2 + 3 + 2*x**3 + 1 + 2*x. Let z(s) = s + 1. Let g(h) = t(h) - 5*z(h). Determine g(q).
9
Let a = -22 - -19. Let b(o) be the first derivative of -2 - 7/2*o**2 - 1/3*o**3 - 3*o. What is b(a)?
9
Let q(z) = 2 - 18*z**2 + 2 - 3*z + 19*z**2. Let s(j) = j + 1. Let n(b) = q(b) - 4*s(b). Determine n(6).
-6
Suppose 0 = 1057*u - 1056*u - 3. Let i(n) = -n**3 + 6*n**2 - 6*n - 2. Determine i(u).
7
Let c(n) be the first derivative of -n**4/6 - n**3/6 + 19*n**2/2 + 33. Let p(l) be the second derivative of c(l). Give p(-1).
3
Suppose 0 = -4*s + 3 + 5. Let t(x) = 2 - x - s*x + 5*x. Let o be (-2 + (-2)/4)/((-31)/(-62)). Calculate t(o).
-8
Let g(t) = -10*t**3 - t**2 + 1. Suppose 30 = y - 5*c + 26, 0 = -4*y + 4*c. What is g(y)?
10
Let n(x) = x**2 + 1. Suppose -l = -15 - 69. Suppose -6*u = -l - 12. Let a = u + -15. Determine n(a).
2
Let a(f) = -2*f**3 - 13*f**2 - 6*f - 3. Let g be a(-6). Let s(b) = -5*b - 5. Calculate s(g).
10
Let f(c) = 0*c - 170*c**3 - 52 - 4*c + 171*c**3 + 3*c. Determine f(0).
-52
Let q = -33 - -43. Suppose 35 = -9*u - q. Let l(o) = o - 3. Let j(m) = -m - 1. Let a(p) = -4*j(p) - l(p). Give a(u).
-8
Let u(o) = -2*o. Let h = -8 - -20. Suppose -3*l - h = -9*l. What is u(l)?
-4
Let y be (-2)/4*-2 - -4. Let m = 79 + -77. Let d(s) = -s**2 + 7*s + 3*s**2 - m*s + 2 - 3*s**2. Calculate d(y).
2
Let k(d) be the third derivative of -d**8/6720 + d**7/840 + d**6/120 - d**5/40 + 19*d**4/24 + 10*d**2. Let f(x) be the second derivative of k(x). What is f(4)?
5
Suppose -5*j + 5*x - 55 = 0, 19 = -4*j - 52*x + 51*x. Let h(w) = -2*w**3 - 13*w**2 - 5*w + 4. Calculate h(j).
-2
Let i(n) = -3*n. Suppose b - 4*b + 12 = 0. Suppose 0 = b*u - 2*u + 12. Let k be (9/(-18))/(1/u). Give i(k).
-9
Let j(m) = 3*m**2 + 7*m + 3. Let s(p) = -2*p**2 - 5*p - 2. Let z = 18 - 25. Let q(a) = z*s(a) - 5*j(a). Let u = -56 - -54. Give q(u).
-5
Let h = -43 + 39. Let b be 3 + h/2 + -3. Let n(x) = -3*x**2 - 2*x + 2. Give n(b).
-6
Let p(t) be the third derivative of -t**6/60 - t**5/12 + t**4/6 + 11*t**3/6 - 10*t**2 + 10*t. What is p(-3)?
8
Let i(o) = -o**2 - 5*o + 2. Let q be i(-4). Suppose -2*l + q = -0. Suppose -g - l*v = g + 7, 3*g - 2*v - 9 = 0. Let c(m) = 6*m**2 + m - 1. Calculate c(g).
6
Let z(p) = 14*p - 14. Let f(s) = -5*s + 5. Let g(a) = 11*f(a) + 4*z(a). Let d = 308 + -314. Give g(d).
-7
Let k(r) = -r**2 + 3*r - 3. Let u = -479 + 483. What is k(u)?
-7
Let t be ((-90)/25)/(8/(-20)). Let y(d) = -d**3 + 10*d**2 - 10*d + 11. What is y(t)?
2
Let i be ((-48)/9)/(56/84). Let k(d) = -6*d**3 - 12*d**2 + 3*d - 12. Let z(m) = -7*m**3 - 13*m**2 + 2*m - 13. Let t(l) = 6*k(l) - 5*z(l). Calculate t(i).
-7
Let t(y) be the first derivative of 7*y**6/180 - y**4/24 + 13*y**3/3 - 16. Let p(j) be the third derivative of t(j). Calculate p(1).
13
Let y(s) = -2*s - 1. Let g = -3 + 6. Determine y(g).
-7
Let s(y) = y**2 - 8*y - 4. Let h(d) = 11*d - 15*d + d**2 + 6 - 18*d. Let t be h(22). Give s(t).
-16
Let p = -518 + 517. Let j(g) = 8*g**2 + 2*g + 2. Determine j(p).
8
Let r(z) = z**2 + 10*z + 13. Let i(q) = -1. Let k(h) = 5*i(h) + r(h). Let f be (-2)/7 + ((-2961)/(-49))/(-9). Determine k(f).
-13
Let u(t) = 3*t**2 - 1. Let f = 894 + -893. Give u(f).
2
Suppose 15 = -39*i + 42*i. Suppose 0 = 5*p + 2*n + 24, 0 = i*p - 2*p + 3*n + 18. Let f(h) = h**3 + 3*h**2 - 4*h - 6. Determine f(p).
-6
Let g(j) = j - 2. Let v(h) = -h + 20. Let y be v(14). Suppose -y*s = -2*s. What is g(s)?
-2
Let h(i) = -3*i - 11. Let s = -403 + 412. What is h(s)?
-38
Suppose -4*u - 30 = -5*l - 0*u, -3*l - u = -1. Let j(i) = 1 - 2 - l*i**2 + 3*i**2 - i - 10*i**2. Calculate j(-1).
-9
Let f(w) = -w**2 + 0*w**2 - 3 - 1041*w + 1046*w. Suppose -2*u + 150 = 3*u. Suppose 0 = -11*l + 6*l + u. Give f(l).
-9
Let r(g) = g**3 - 3*g**2 - 4*g - 2. Suppose -12*s - 45 = -21*s. Give r(s).
28
Let a(r) = r + 3. Let l be 4*(-68)/(-112) - (-8)/14. Let k be 2/4 - (-1 - l/(-2)). Determine a(k).
3
Let j(u) = 14*u**2 + 3*u + 18. Suppose -2*q - 4*k = 6, 32 = -4*q + k - 4*k. Let s(x) = 5*x**2 + x + 6. Let p(y) = q*s(y) + 4*j(y). Determine p(0).
6
Suppose -14*x + 15*x - 10 = 0. Let o(t) = 8*t - 7 - x*t + 3*t. Let f = 2 - -2. What is o(f)?
-3
Let z(i) = -38 + 12*i**2 + 2*i - 7*i**2 - 2*i + 37 - i + i**3. Give z(-4).
19
Let o(t) = -t**2 - t + 4. Let q(v) = -2 + 2*v + 9*v - v**2 + 0 + 11. Suppose 5*i - 56 = 4*s, 3*i + 3*s + 2*s = 41. Let n be q(i). Give o(n).
-2
Let y(h) = -2*h**2 + 5*h - 5. Let r(j) = 5*j**2 - 14*j + 13. Let n(l) = 3*r(l) + 8*y(l). Calculate n(-6).
-25
Let t(u) = 2*u + 7. Let v = 4 + -4. Suppose 0*j - 3*j - 9 = -3*s, 5*s - 2*j = v. Let l(p) = 3*p. Let q be l(s). Determine t(q).
-5
Let m(u) = u**3 - 11*u**2 - 5*u + 63. Let o be m(11). Let r(b) = b**3 - 6*b**2 - 12*b + 9. Calculate r(o).
41
Let q(x) = -3 - x + 0*x - 2*x + x**2 + x. Let d = -13 - -13. Suppose -4*a - 13 + 1 = d, 3*r - a - 15 = 0. What is q(r)?
5
Let m(n) = n - 9. Let s be 5254/740 + (-1)/10. Give m(s).
-2
Suppose z = c, c + 10 = 6*c. Let f(v) = -9*v + 2. Calculate f(z).
-16
Suppose -3 = -3*y + 3*h, -5*y = -h + 5*h - 32. Let t(v) be the third derivative of -v**5/60 + 5*v**4/24 - v**3/3 + 77*v**2. Calculate t(y).
2
Let o(q) = -3*q - 8. Let h be 1*(33 - 2/(-1)). Suppose -5*v - 4*p + h = 1, 2*v - 15 = -3*p. Let b(d) = -d**2 + 5*d. Let i be b(v). Give o(i).
10
Let y(u) = 3*u + 411. Let m(x) = x + 119. Let s(l) = -7*m(l) + 2*y(l). Let d = -5 - 4. What is s(d)?
-2
Let z(c) = 13 - 9*c**2 - 8*c + 10*c**2 + 9*c. Give z(0).
13
Let l be (-3)/(-3) - (2 - 3). Let j(q) = q**2 - q + 2*q + 1 + q**3 - 5*q**l. Suppose 43 - 45 = -v. What is j(v)?
-5
Let x(h) = -h + 10. Suppose 15*w - 6 = 69. Suppose s + 45 = w*k + 3, 36 = 5*k - 3*s. Determine x(k).
1
Let w = 1410 + -1434. Let d(b) = 4*b + 99. Give d(w).
3
Let f(r) = r**3 + 2*r + 3. Let w(y) = y**3 - 5*y + 6. Let h be w(2). Suppose -3*k + 2 = -h*k. What is f(k)?
-9
Let x(o) be the second derivative of -3*o**4/4 + o**3/6 + 30*o - 1. What is x(1)?
-8
Let x(b) = 29*b + 12. Let c(j) = -12*j - 5. Let s(n) = -5*c(n) - 2*x(n). What is s(-5)?
-9
Let i(n) = -n**3 - 3*n**2 - n - 5. Let z(h) be the first derivative of h**3/3 - 25*h**2/2 + 42*h - 26. Let s be z(23). Calculate i(s).
15
Suppose 10 - 1 = 3*h. Suppose -5*n - 10 = h*q - 0*q, -n = 5*q - 20. Let l(y) be the second derivative of -y**4/12 - 2*y**3/3 - 7*y**2/2 + y. What is l(n)?
-12
Let h(y) = 0*y + 4*y + 3*y + 0*y. Suppose 3*a + 14*k + 2 = 13*k, -4*k = 20. Determine h(a).
7
Suppose 5*t = 4*r + 21, -3*r - 5 + 8 = 0. Suppose -7 = j - 0*l - l, 3*j - 19 = -t*l. Let c(q) = q**3 - 2*q**2. Determine c(j).
-16
Let b(i) = i**2 + 4*i - 3. Let f be b(-4). Let u be 0/f - (0 + -5). Let w(g) = -3*g + g + u + 4*g. Give w(-4).
-3
Suppose -5*s + 112 = -s. Let y be 3/2*(-7 + (-50)/(-6)). Suppose -4*l + 26 = -y*p, -4*l + s = -7*p + 3*p. Let m(o) = -o**3 + 7*o**2 - 5*o - 8. Give m(l).
-2
Suppose -2 - 1 = 3*x. Let o = 2 + x. Let q(u) = 